y(3).
61
Let i(q) = -2*q**2 + 11. Determine i(3).
-7
Let h(u) = u**3 + 10*u**2 + 7*u - 25. Determine h(-9).
-7
Let z(k) = -4*k**2 + 9*k + 1. Calculate z(3).
-8
Let c(z) = z**2 - 7*z - 3. Determine c(6).
-9
Let j(r) = -r**2 - 5*r + 9. What is j(-6)?
3
Let g(q) = q**2 - 7*q + 2. Calculate g(7).
2
Let r(u) = -13*u + 2. Determine r(2).
-24
Let b(n) = -19*n + 17. Determine b(8).
-135
Let x(c) = 2*c + 9. Determine x(-4).
1
Let n(w) = w**3 - 14*w**2 + 30*w - 62. What is n(12)?
10
Let z(c) = -32*c**3 - 3*c - 2. Calculate z(-1).
33
Let j(w) = w**3 + 13*w**2 - 10*w + 3. Calculate j(-14).
-53
Let v(j) = 3*j - 34. Determine v(18).
20
Let g(l) = -l**3 - 10*l**2 - 14*l - 1. Determine g(-8).
-17
Let u(z) = z**3 + 5*z**2 + 2*z + 9. What is u(-5)?
-1
Let c(p) = 27*p - 430. What is c(16)?
2
Let l(w) = w**2 + 8*w + 11. Give l(-8).
11
Let g(t) = t**2 - 27*t + 84. Give g(22).
-26
Let r(g) = -8*g - 152. What is r(-18)?
-8
Let m(v) = -v**3 + 12*v**2 - 38*v + 20. What is m(7)?
-1
Let h(w) = -2*w**3 - 7*w**2 + 9*w + 19. What is h(-4)?
-1
Let y(g) = -6*g**2 - 182*g - 51. Calculate y(-30).
9
Let v(x) = -x**3 + x + 154. Determine v(0).
154
Let f(z) = 2*z**2 - 9*z - 48. What is f(7)?
-13
Let b(g) = -g**2 + 106*g + 548. What is b(-5)?
-7
Let k(x) = 61*x**3 + 2*x**2 - 1. Calculate k(-1).
-60
Let m(l) = -12*l + 332. What is m(29)?
-16
Let b(r) = -281*r + 1678. Give b(6).
-8
Let g(b) = -b**3 + 32*b**2 + 34*b - 2. Calculate g(33).
31
Let g(c) = -5*c + 1. Calculate g(-9).
46
Let m(t) = -58*t + 51. What is m(1)?
-7
Let k(b) = 24*b - 263. Determine k(11).
1
Let u(c) = -c**3 + 5*c**2 - 2*c - 4. Give u(3).
8
Let i(m) = -m**3 + 6*m**2 + 7*m - 42. What is i(6)?
0
Let l(g) = -8*g**2 - 132*g - 62. Calculate l(-16).
2
Let j(i) = -47*i**3 + 2*i - 2. Give j(1).
-47
Let g(n) = 19*n + 2. Determine g(-3).
-55
Let f(c) = -c**3 + 2*c**2 - 16*c + 29. What is f(2)?
-3
Let x(c) = -c**2 + 6*c + 3. Determine x(6).
3
Let h(o) = -o**3 - 8*o**2 - 11*o + 13. Calculate h(-6).
7
Let d(s) = s**3 + 7*s**2 + 3*s + 2. Determine d(-4).
38
Let d(x) = x**2 + 9*x - 31. Give d(-12).
5
Let m(f) = f**3 - 15*f**2 + 13*f - 3. Calculate m(14).
-17
Let i(k) = -k**2 + k + 2. Give i(2).
0
Let n(w) = -w**2 - 4*w - 9. Calculate n(-8).
-41
Let q(o) = -o**3 - 29*o**2 - 93*o - 393. Give q(-26).
-3
Let h(t) = t**3 - 4*t**2 - 6*t + 5. Calculate h(4).
-19
Let q(t) = -3*t**2 + 1. What is q(2)?
-11
Let m(z) = 3*z**2 + 20*z + 7. Calculate m(-9).
70
Let x(h) = -5*h + 3. Give x(6).
-27
Let m(f) = f**3 + 8*f**2 + 6*f + 3. Calculate m(-4).
43
Let z(b) = b**2 + 2*b + 8. Calculate z(0).
8
Let a(k) = k**2 + 9*k - 23. Determine a(7).
89
Let v(o) = -2*o + 6. What is v(-2)?
10
Let g(b) = b**2 + 9*b + 4. Determine g(-9).
4
Let w(j) = j**3 + 37*j**2 - 123*j - 133. Determine w(-40).
-13
Let m(k) = k**2 - 14*k - 5. What is m(11)?
-38
Let f(v) = -2*v + 2. Give f(10).
-18
Let v(y) = 9*y + 14. Determine v(-2).
-4
Let z(x) = 2*x**2 - 8*x - 6. Determine z(7).
36
Let q(a) = -6*a**2 - 66*a + 4. Determine q(-11).
4
Let u(d) = -d**3 - 2*d**2 + 4*d. Calculate u(-2).
-8
Let x(g) = 2*g**3 + 12*g**2 + 9*g + 1. What is x(-5)?
6
Let j(r) = r**2 + 12*r + 31. Calculate j(-5).
-4
Let w(m) = -m - 5. Give w(-10).
5
Let y(q) = -2*q + 16. Give y(7).
2
Let p(y) = -y**2 - 10*y - 42. Calculate p(-6).
-18
Let u(q) = q**3 + 22*q**2 + 24*q + 58. Calculate u(-21).
-5
Let a(h) = 20*h + 80. Give a(-4).
0
Let o(k) = 5*k**2 - 40*k - 10. Calculate o(8).
-10
Let q(o) = -o**2 - 17*o + 7. Determine q(-18).
-11
Let u(c) = 2*c - 7. Give u(14).
21
Let s(d) = d**2 + 3*d + 4. Determine s(-4).
8
Let b(c) = -4*c**2 + 5*c + 25. Determine b(-3).
-26
Let j(q) = q**3 - 4*q**2 - 4*q + 6. Give j(4).
-10
Let v(d) = -d**2 + 9*d - 35. What is v(5)?
-15
Let c(d) = -10*d + 3. Give c(2).
-17
Let i(u) = -11*u - 5. What is i(4)?
-49
Let m(b) = b**3 + 7*b**2 - 16*b + 13. Give m(-9).
-5
Let h(w) = -w**3 - 45*w**2 - 125*w + 36. What is h(-42)?
-6
Let u(l) = l + 10. Give u(-6).
4
Let c(d) = -2*d + 3. Determine c(-3).
9
Let t(p) = 2*p**2 - 2*p + 2. What is t(2)?
6
Let h(s) = s**2 + 2*s - 133. What is h(10)?
-13
Let a(z) = -6*z**2 + z + 5. Calculate a(2).
-17
Let s(z) = z**3 + 13*z**2 - 16*z - 21. Calculate s(-14).
7
Let m(w) = w + 3. What is m(19)?
22
Let b(y) = y**3 + 5*y**2 + 6*y + 10. Determine b(-5).
-20
Let x(n) = -4*n**2 - 5*n. What is x(-2)?
-6
Let p(n) = n**3 + 3*n**2 + 8*n + 3. Calculate p(-6).
-153
Let b(p) = -30*p + 18. Calculate b(1).
-12
Let x(q) = -4*q**2 + 35*q + 4. Calculate x(9).
-5
Let p(s) = s**3 + 4*s**2 - 20*s + 7. Determine p(-7).
0
Let t(q) = -7*q**2 - 1. Determine t(1).
-8
Let u(b) = -12*b + 1. Calculate u(4).
-47
Let u(v) = v**2 - 20*v + 1. Calculate u(20).
1
Let y(m) = m**3 + 2*m**2 - 3*m + 7. What is y(-3)?
7
Let g(o) = -o**3 + 6*o**2 - 8*o + 1. What is g(4)?
1
Let q(c) = c**2 + c - 1. Calculate q(12).
155
Let v(j) = j**3 + 28*j**2 - 57*j + 53. Give v(-30).
-37
Let f(j) = j**3 - 15*j**2 + 5*j - 26. Calculate f(15).
49
Let p(h) = 11*h**2 + 6*h - 1. What is p(-4)?
151
Let k(b) = b**3 + 6*b**2 - 24*b + 22. What is k(-8)?
86
Let z(k) = 3*k**3 - 4*k**2 - 3*k + 6. Calculate z(2).
8
Let x(c) = c**3 - 8*c**2 - 11*c + 5. What is x(9)?
-13
Let r(q) = -q**2 + 32*q - 78. Calculate r(29).
9
Let z(b) = b**3 - b**2 + 2*b + 2. Give z(-1).
-2
Let t(n) = 3*n**2 + 89*n + 353. Calculate t(-25).
3
Let m(s) = 6*s - 31. Calculate m(4).
-7
Let u(v) = -v**2 + 5*v + 2. Calculate u(-2).
-12
Let q(c) = -c**3 - 2*c**2 - c + 6. What is q(0)?
6
Let v(y) = y**2 + 7*y + 5. Give v(-5).
-5
Let q(t) = -10*t + 10. What is q(-6)?
70
Let b(g) = g**3 + 4*g**2 - 14*g - 9. Give b(-6).
3
Let k(c) = -c**3 - 6*c**2 + 9*c - 2. What is k(-7)?
-16
Let v(u) = -8*u**2 - 3*u + 6. Calculate v(0).
6
Let l(o) = 3*o**2 + 41*o + 28. Calculate l(-13).
2
Let l(a) = -a**2 + 15*a - 17. Give l(13).
9
Let m(d) = -3*d + 13. Calculate m(-6).
31
Let t(m) = -4*m**3 + 3*m**2 - 2*m - 1. Determine t(1).
-4
Let k(g) = -2*g + 26. Give k(15).
-4
Let g(t) = 11*t - 259. Calculate g(23).
-6
Let v(w) = 20*w - 1. Give v(-2).
-41
Let x(r) = -8*r**3 - 2*r**2 - r + 1. What is x(-1)?
8
Let p(f) = 7*f - 1. Calculate p(-2).
-15
Let o(q) = -q**3 + 4*q**2 - 5*q + 5. Determine o(0).
5
Let s(l) = 35*l**2 + 2*l + 1. What is s(-1)?
34
Let y(h) = -h**2 + 24*h - 44. Determine y(16).
84
Let n(v) = 3*v**2 + 1. Give n(-1).
4
Let k(p) = -p**3 + p**2 - p - 3. What is k(-3)?
36
Let a(v) = v**2 - 11*v + 3. Determine a(12).
15
Let s(f) = f**3 + 5*f**2 + 2*f - 2. Determine s(-4).
6
Let i(k) = -k**2 - 5*k - 60. Determine i(10).
-210
Let d(n) = 3*n**2 - 9*n + 13. Calculate d(4).
25
Let b(q) = -q**3 - 8*q**2 + 9*q - 4. What is b(-9)?
-4
Let y(g) = -96*g**2 + 5*g + 3. Calculate y(-1).
-98
Let s(v) = v**3 + 8*v**2 - 9*v - 20. Give s(-9).
-20
Let y(z) = -z**3 - 3*z**2 + 3*z - 5. Give y(-4).
-1
Let p(a) = 10*a**2 + 3*a + 2. Give p(-1).
9
Let n(f) = -19*f - 279. Give n(-15).
6
Let y(o) = -o**2 - 11*o + 27. Give y(-14).
-15
Let m(o) = -7*o**3 - 4*o**2 + 7*o - 8. Give m(2).
-66
Let d(x) = -x + 18. Give d(13).
5
Let u(x) = x**2 - 13*x + 13. Calculate u(12).
1
Let u(k) = -k**2 - 11*k - 10. Give u(-10).
0
Let y(z) = 28*z - 59. Calculate y(2).
-3
Let t(k) = k**3 + 19*k**2 + 22*k + 81. Calculate t(-18).
9
Let v(m) = -4*m - 8. Calculate v(-5).
12
Let f(u) = -u**3 - 10*u**2 - 19*u - 19. Give f(-8).
5
Let u(o) = -37*o + 47. Determine u(1).
10
Let n(l) = -l**3 + 6*l**2 - 2*l + 11. What is n(6)?
-1
Let k(q) = -q**2 + 13*q - 11. Determine k(12).
1
Let j(q) = q**2 - 5*q + 8. Determine j(9).
44
Let m(b) = -2*b**3 + 8*b**2 + 13. Determine m(6).
-131
Let q(p) = 2*p**3 + 88*p**2 - 88*p + 83. Calculate q(-45).
-7
Let s(j) = -j**2 + 13*j + 16. Calculate s(14).
2
Let a(q) = 2*q + 7. Determine a(-7).
-7
Let f(r) = -4*r**2 + 2*r - 3. Determine f(2).
-15
Let h(k) = -15*k - 5. What is h(9)?
-140
Let b(d) = d**3 - 6*d**2 - 9*d + 12. What is b(8)?
68
Let g(h) = 9*h**3 + 2*h - 1. What is g(1)?
10
Let m(b) = b**3 + 4*b**2 - 8*b - 7. Give m(-5).
8
Let c(i) = -3*i**2 - 16*i - 2. Calculate c(-5).
3
Let b(m) = m**3 - 3*m**2 - 4*m. Give b(4).
0
Let h(o) = 2*o + 5. Calculate h(-5).
-5
Let w(t) = -124*t**2 + 6*t + 5. What is w(-1)?
-125
Let t(w) = 9*w**2 - 2*w + 1. Calculate t(1).
8
Let x(o) = -2*o**3 + 6*o**2 - 3*o - 5. Calculate x(4).
-49
Let t(y) = -y**3 + 14*y**2 - 15*y + 54. What is t(13)?
28
Let p(k) = 4*k**2 -